the greatest common divisor of 9357 and 6?
3
What is the greatest common divisor of 70 and 1890?
70
Calculate the highest common factor of 820 and 20.
20
What is the greatest common divisor of 3186 and 540?
54
What is the highest common factor of 65 and 3640?
65
Calculate the greatest common divisor of 697 and 136.
17
What is the greatest common factor of 14 and 4592?
14
Calculate the highest common divisor of 76 and 4.
4
What is the highest common factor of 4245 and 15?
15
What is the highest common divisor of 23855 and 130?
65
What is the greatest common divisor of 270 and 90?
90
What is the greatest common divisor of 112 and 9926?
14
What is the greatest common factor of 638 and 22?
22
Calculate the highest common factor of 36 and 32.
4
What is the highest common factor of 406 and 14?
14
What is the highest common factor of 44 and 22?
22
What is the greatest common divisor of 98 and 154?
14
What is the highest common factor of 99 and 231?
33
What is the highest common divisor of 26001 and 243?
243
Calculate the highest common divisor of 207 and 25461.
207
Calculate the greatest common divisor of 37490 and 690.
230
What is the highest common divisor of 3 and 453?
3
Calculate the highest common divisor of 1450 and 232.
58
Calculate the highest common divisor of 798 and 532.
266
What is the highest common divisor of 6499 and 291?
97
What is the greatest common divisor of 1353 and 22?
11
What is the greatest common factor of 146 and 1387?
73
Calculate the highest common divisor of 559 and 208.
13
Calculate the greatest common divisor of 5256 and 72.
72
Calculate the greatest common divisor of 2533 and 149.
149
What is the highest common factor of 300 and 850?
50
Calculate the greatest common factor of 21 and 924.
21
What is the highest common factor of 13 and 2782?
13
What is the highest common divisor of 25 and 9700?
25
What is the highest common divisor of 164 and 116?
4
What is the highest common factor of 96 and 1888?
32
Calculate the highest common factor of 112 and 98.
14
What is the greatest common divisor of 530 and 5?
5
Calculate the greatest common factor of 10 and 19870.
10
Calculate the highest common factor of 136 and 13022.
34
Calculate the greatest common divisor of 12 and 138.
6
What is the greatest common factor of 6075 and 75?
75
Calculate the highest common factor of 39 and 6591.
39
What is the greatest common factor of 146 and 365?
73
What is the highest common divisor of 42 and 567?
21
What is the greatest common divisor of 270 and 16110?
90
Calculate the highest common factor of 500 and 15125.
125
Calculate the greatest common divisor of 345 and 930.
15
Calculate the greatest common divisor of 17848 and 23.
23
Calculate the highest common divisor of 35574 and 196.
98
Calculate the greatest common divisor of 224 and 476.
28
What is the highest common divisor of 20 and 15?
5
What is the highest common factor of 4966 and 26?
26
Calculate the highest common factor of 133 and 95.
19
Calculate the greatest common factor of 19 and 608.
19
What is the highest common factor of 25 and 14050?
25
Calculate the greatest common factor of 442 and 832.
26
Calculate the greatest common divisor of 53170 and 130.
130
Calculate the greatest common factor of 6344 and 117.
13
What is the greatest common divisor of 1558 and 82?
82
What is the greatest common factor of 2240 and 10?
10
What is the highest common divisor of 215 and 290?
5
What is the highest common divisor of 4309 and 62?
31
What is the highest common divisor of 341 and 77?
11
What is the greatest common divisor of 3 and 57?
3
What is the highest common factor of 236 and 1534?
118
Calculate the greatest common divisor of 24 and 888.
24
Calculate the greatest common divisor of 2004 and 156.
12
What is the greatest common factor of 168 and 192?
24
Calculate the greatest common factor of 678 and 6.
6
What is the greatest common factor of 26 and 338?
26
Calculate the highest common factor of 112 and 80.
16
What is the highest common divisor of 1448 and 2353?
181
Calculate the highest common factor of 5388 and 24.
12
What is the greatest common divisor of 78 and 416?
26
What is the greatest common factor of 81 and 109836?
81
Calculate the highest common factor of 82 and 4.
2
What is the greatest common factor of 56 and 24570?
14
What is the greatest common factor of 131 and 56723?
131
What is the greatest common factor of 763 and 545?
109
What is the highest common divisor of 12 and 414?
6
What is the greatest common divisor of 264 and 72?
24
What is the greatest common divisor of 15455 and 55?
55
What is the greatest common factor of 7857 and 162?
81
What is the highest common factor of 48 and 27584?
16
Calculate the greatest common divisor of 84 and 612.
12
Calculate the highest common factor of 30 and 250.
10
Calculate the greatest common divisor of 161 and 5589.
23
What is the highest common divisor of 9 and 1296?
9
Calculate the highest common factor of 13665 and 90.
15
What is the highest common divisor of 950 and 100?
50
Calculate the highest common divisor of 34 and 10.
2
Calculate the highest common factor of 13 and 17.
1
What is the highest common divisor of 348 and 609?
87
Calculate the greatest common divisor of 22 and 19239.
11
Calculate the greatest common divisor of 2124 and 6.
6
Calculate the highest common divisor of 1320 and 561.
33
Calculate the highest common factor of 670 and 80.
10
What is the highest common divisor of 22 and 8162?
22
Calculate the highest common factor of 12 and 4584.
12
Calculate the highest common factor of 182 and 14.
14
What is the highest common factor of 2599 and 113?
113
Calculate the highest common factor of 68 and 5.
1
What is the greatest common divisor of 12 and 1284?
12
Calculate the greatest common divisor of 52 and 1547.
13
Calculate the highest common factor of 273 and 1794.
39
What is the highest common divisor of 210 and 1330?
70
What is the greatest common divisor of 7421 and 181?
181
What is the greatest common factor of 3 and 6?
3
Calculate the highest common divisor of 37716 and 21.
21
Calculate the highest common factor of 288 and 9.
9
What is the greatest common factor of 493 and 2125?
17
What is the greatest common divisor of 3648 and 224?
32
Calculate the greatest common factor of 434 and 28.
14
What is the highest common factor of 32 and 212?
4
What is the greatest common divisor of 66 and 22?
22
What is the greatest common factor of 154 and 1155?
77
What is the highest common divisor of 12 and 100?
4
What is the greatest common divisor of 262 and 22139?
131
What is the highest common factor of 268 and 12?
4
What is the greatest common factor of 296 and 6?
2
What is the highest common factor of 275 and 253?
11
What is the highest common divisor of 6656 and 39?
13
What is the greatest common divisor of 3060 and 102?
102
What is the highest common divisor of 124 and 19840?
124
What is the highest common divisor of 20 and 500?
20
What is the greatest common divisor of 84 and 372?
12
What is the greatest common divisor of 24 and 2280?
24
What is the highest common factor of 150 and 3700?
50
Calculate the highest common factor of 39 and 3.
3
Calculate the highest common divisor of 44 and 209.
11
What is the greatest common factor of 4187 and 106?
53
Calculate the greatest common factor of 360 and 6.
6
What is the highest common divisor of 22 and 1353?
11
What is the highest common factor of 155 and 93?
31
What is the highest common divisor of 4087 and 871?
67
What is the highest common factor of 325 and 26?
13
Calculate the highest common factor of 106 and 2.
2
What is the greatest common divisor of 2346 and 414?
138
Calculate the highest common factor of 722 and 133.
19
Calculate the highest common factor of 178 and 2.
2
Calculate the highest common divisor of 24 and 888.
24
What is the highest common divisor of 276 and 36?
12
What is the highest common factor of 42 and 5112?
6
Calculate the highest common factor of 264 and 33.
33
What is the greatest common factor of 1876 and 364?
28
What is the greatest common divisor of 90 and 615?
15
What is the greatest common factor of 60 and 1770?
30
Calculate the greatest common divisor of 190 and 10.
10
Calculate the greatest common factor of 226 and 14.
2
Calculate the highest 